{"id":17,"date":"2025-11-04T17:45:13","date_gmt":"2025-11-04T17:45:13","guid":{"rendered":"https:\/\/clinicadaaz.com.br\/?page_id=17"},"modified":"2025-11-05T09:39:21","modified_gmt":"2025-11-05T12:39:21","slug":"home","status":"publish","type":"page","link":"https:\/\/clinicadaaz.com.br\/?page_id=17","title":{"rendered":"Quem Somos"},"content":{"rendered":"\t\t<div data-elementor-type=\"wp-page\" data-elementor-id=\"17\" class=\"elementor elementor-17\">\n\t\t\t\t<div class=\"elementor-element elementor-element-7ca83b2 e-flex e-con-boxed e-con e-parent\" data-id=\"7ca83b2\" data-element_type=\"container\" data-settings=\"{&quot;background_background&quot;:&quot;classic&quot;}\">\n\t\t\t\t\t<div class=\"e-con-inner\">\n\t\t\t\t<div class=\"elementor-element elementor-element-3fbac7e elementor-widget elementor-widget-image\" data-id=\"3fbac7e\" data-element_type=\"widget\" data-widget_type=\"image.default\">\n\t\t\t\t\t\t\t\t\t\t\t\t\t\t\t<img fetchpriority=\"high\" decoding=\"async\" width=\"1001\" height=\"288\" src=\"https:\/\/clinicadaaz.com.br\/wp-content\/uploads\/2025\/11\/daaz-clinica-baner-final.png\" class=\"attachment-large size-large wp-image-167\" alt=\"\" srcset=\"https:\/\/clinicadaaz.com.br\/wp-content\/uploads\/2025\/11\/daaz-clinica-baner-final.png 1001w, https:\/\/clinicadaaz.com.br\/wp-content\/uploads\/2025\/11\/daaz-clinica-baner-final-300x86.png 300w, https:\/\/clinicadaaz.com.br\/wp-content\/uploads\/2025\/11\/daaz-clinica-baner-final-768x221.png 768w\" sizes=\"(max-width: 1001px) 100vw, 1001px\" \/>\t\t\t\t\t\t\t\t\t\t\t\t\t\t\t<\/div>\n\t\t\t\t\t<\/div>\n\t\t\t\t<\/div>\n\t\t<div class=\"elementor-element elementor-element-d0eaf3d e-flex e-con-boxed e-con e-parent\" data-id=\"d0eaf3d\" data-element_type=\"container\">\n\t\t\t\t\t<div class=\"e-con-inner\">\n\t\t\t\t<div class=\"elementor-element elementor-element-551547e elementor-widget-divider--view-line elementor-widget elementor-widget-divider\" data-id=\"551547e\" data-element_type=\"widget\" data-widget_type=\"divider.default\">\n\t\t\t\t\t\t\t<div class=\"elementor-divider\">\n\t\t\t<span class=\"elementor-divider-separator\">\n\t\t\t\t\t\t<\/span>\n\t\t<\/div>\n\t\t\t\t\t\t<\/div>\n\t\t\t\t\t<\/div>\n\t\t\t\t<\/div>\n\t\t<div class=\"elementor-element elementor-element-8e35042 e-flex e-con-boxed e-con e-parent\" data-id=\"8e35042\" data-element_type=\"container\">\n\t\t\t\t\t<div class=\"e-con-inner\">\n\t\t\t\t<div class=\"elementor-element elementor-element-5644d4c elementor-widget elementor-widget-heading\" data-id=\"5644d4c\" data-element_type=\"widget\" data-widget_type=\"heading.default\">\n\t\t\t\t\t<h2 class=\"elementor-heading-title elementor-size-default\">Quem Somos<\/h2>\t\t\t\t<\/div>\n\t\t\t\t<div class=\"elementor-element elementor-element-d631bb3 elementor-widget elementor-widget-text-editor\" data-id=\"d631bb3\" data-element_type=\"widget\" data-widget_type=\"text-editor.default\">\n\t\t\t\t\t\t\t\t\t<h2 data-start=\"128\" data-end=\"182\"><strong data-start=\"128\" data-end=\"182\">Uma Plataforma que Aproxima Psic\u00f3logos e Pacientes<\/strong><\/h2><p data-start=\"184\" data-end=\"393\">Cuidar da sa\u00fade mental \u00e9 essencial, especialmente em momentos desafiadores.<br data-start=\"259\" data-end=\"262\" \/>Nossa plataforma foi criada para facilitar esse cuidado, conectando voc\u00ea a psic\u00f3logos qualificados de forma simples e acolhedora.<\/p><p data-start=\"395\" data-end=\"591\">Aqui, o agendamento \u00e9 r\u00e1pido e direto, realizado pelo WhatsApp do profissional.<br data-start=\"474\" data-end=\"477\" \/>Acreditamos que a Psicologia deve ser acess\u00edvel a todos, sempre respeitando e valorizando o trabalho do psic\u00f3logo.<\/p>\t\t\t\t\t\t\t\t<\/div>\n\t\t\t\t<div class=\"elementor-element elementor-element-6db544a elementor-widget-divider--view-line elementor-widget elementor-widget-divider\" data-id=\"6db544a\" data-element_type=\"widget\" data-widget_type=\"divider.default\">\n\t\t\t\t\t\t\t<div class=\"elementor-divider\">\n\t\t\t<span class=\"elementor-divider-separator\">\n\t\t\t\t\t\t<\/span>\n\t\t<\/div>\n\t\t\t\t\t\t<\/div>\n\t\t\t\t<div class=\"elementor-element elementor-element-8aa81cc elementor-widget elementor-widget-heading\" data-id=\"8aa81cc\" data-element_type=\"widget\" data-widget_type=\"heading.default\">\n\t\t\t\t\t<h2 class=\"elementor-heading-title elementor-size-default\">Miss\u00e3o<\/h2>\t\t\t\t<\/div>\n\t\t\t\t<div class=\"elementor-element elementor-element-238c441 elementor-widget elementor-widget-text-editor\" data-id=\"238c441\" data-element_type=\"widget\" data-widget_type=\"text-editor.default\">\n\t\t\t\t\t\t\t\t\t<p>Facilitar o acesso \u00e0 sa\u00fade mental, conectando pessoas a psic\u00f3logos qualificados de forma simples, segura e acolhedora.<br data-start=\"339\" data-end=\"342\" \/>Queremos tornar o cuidado emocional parte do cotidiano, valorizando o trabalho do profissional e respeitando a singularidade de cada paciente.<\/p>\t\t\t\t\t\t\t\t<\/div>\n\t\t\t\t<div class=\"elementor-element elementor-element-3a12d18 elementor-widget elementor-widget-heading\" data-id=\"3a12d18\" data-element_type=\"widget\" data-widget_type=\"heading.default\">\n\t\t\t\t\t<h2 class=\"elementor-heading-title elementor-size-default\">Vis\u00e3o<\/h2>\t\t\t\t<\/div>\n\t\t\t\t<div class=\"elementor-element elementor-element-3c76b4c elementor-widget elementor-widget-text-editor\" data-id=\"3c76b4c\" data-element_type=\"widget\" data-widget_type=\"text-editor.default\">\n\t\t\t\t\t\t\t\t\t<p>Ser refer\u00eancia no cuidado psicol\u00f3gico online, ampliando o acesso \u00e0 terapia e contribuindo para uma sociedade mais saud\u00e1vel emocionalmente, consciente e aberta ao di\u00e1logo sobre sa\u00fade mental.<\/p>\t\t\t\t\t\t\t\t<\/div>\n\t\t\t\t<div class=\"elementor-element elementor-element-5eb633d elementor-widget elementor-widget-heading\" data-id=\"5eb633d\" data-element_type=\"widget\" data-widget_type=\"heading.default\">\n\t\t\t\t\t<h2 class=\"elementor-heading-title elementor-size-default\">Valores<\/h2>\t\t\t\t<\/div>\n\t\t\t\t<div class=\"elementor-element elementor-element-19e85c1 elementor-widget elementor-widget-text-editor\" data-id=\"19e85c1\" data-element_type=\"widget\" data-widget_type=\"text-editor.default\">\n\t\t\t\t\t\t\t\t\t<ul><li data-start=\"717\" data-end=\"797\"><p data-start=\"719\" data-end=\"797\"><strong data-start=\"719\" data-end=\"735\">Acolhimento:<\/strong> recebemos cada pessoa com respeito, empatia e escuta ativa.<\/p><\/li><li data-start=\"798\" data-end=\"878\"><p data-start=\"800\" data-end=\"878\"><strong data-start=\"800\" data-end=\"810\">\u00c9tica:<\/strong> seguimos princ\u00edpios profissionais e humanos em todas as rela\u00e7\u00f5es.<\/p><\/li><li data-start=\"879\" data-end=\"963\"><p data-start=\"881\" data-end=\"963\"><strong data-start=\"881\" data-end=\"904\">Sigilo e Seguran\u00e7a:<\/strong> protegemos a privacidade e a hist\u00f3ria de cada indiv\u00edduo.<\/p><\/li><li data-start=\"964\" data-end=\"1073\"><p data-start=\"966\" data-end=\"1073\"><strong data-start=\"966\" data-end=\"995\">Valoriza\u00e7\u00e3o do Psic\u00f3logo:<\/strong> reconhecemos e incentivamos o trabalho \u00e9tico e respons\u00e1vel do profissional.<\/p><\/li><li data-start=\"1074\" data-end=\"1158\"><p data-start=\"1076\" data-end=\"1158\"><strong data-start=\"1076\" data-end=\"1095\">Acessibilidade:<\/strong> acreditamos que a sa\u00fade mental deve ser poss\u00edvel para todos.<\/p><\/li><li data-start=\"1159\" data-end=\"1231\"><p data-start=\"1161\" data-end=\"1231\"><strong data-start=\"1161\" data-end=\"1177\">Humaniza\u00e7\u00e3o:<\/strong> cada conex\u00e3o \u00e9 \u00fanica, cada trajet\u00f3ria \u00e9 respeitada.<\/p><\/li><\/ul>\t\t\t\t\t\t\t\t<\/div>\n\t\t\t\t<div class=\"elementor-element elementor-element-24a2413 elementor-widget elementor-widget-image\" data-id=\"24a2413\" data-element_type=\"widget\" data-widget_type=\"image.default\">\n\t\t\t\t\t\t\t\t\t\t\t\t\t\t\t<img decoding=\"async\" width=\"1024\" height=\"681\" src=\"https:\/\/clinicadaaz.com.br\/wp-content\/uploads\/2025\/11\/daazclinicaterapia-1024x681.jpg\" class=\"attachment-large size-large wp-image-183\" alt=\"\" srcset=\"https:\/\/clinicadaaz.com.br\/wp-content\/uploads\/2025\/11\/daazclinicaterapia-1024x681.jpg 1024w, https:\/\/clinicadaaz.com.br\/wp-content\/uploads\/2025\/11\/daazclinicaterapia-300x200.jpg 300w, https:\/\/clinicadaaz.com.br\/wp-content\/uploads\/2025\/11\/daazclinicaterapia-768x511.jpg 768w, https:\/\/clinicadaaz.com.br\/wp-content\/uploads\/2025\/11\/daazclinicaterapia.jpg 1060w\" sizes=\"(max-width: 1024px) 100vw, 1024px\" \/>\t\t\t\t\t\t\t\t\t\t\t\t\t\t\t<\/div>\n\t\t\t\t\t<\/div>\n\t\t\t\t<\/div>\n\t\t<div class=\"elementor-element elementor-element-164dc18 e-flex e-con-boxed e-con e-parent\" data-id=\"164dc18\" data-element_type=\"container\">\n\t\t\t\t\t<div class=\"e-con-inner\">\n\t\t\t\t<div class=\"elementor-element elementor-element-3418de9 elementor-widget elementor-widget-text-editor\" data-id=\"3418de9\" data-element_type=\"widget\" data-widget_type=\"text-editor.default\">\n\t\t\t\t\t\t\t\t\t<p><span class=\"wixui-rich-text__text\">ATEN\u00c7\u00c3O: Esse site n\u00e3o oferece tratamento ou aconselhamento imediato para pessoas em crise suicida.\u00a0<\/span><span class=\"wixui-rich-text__text\">Em caso de crise, ligue para\u00a0<a class=\"wixui-rich-text__text\" href=\"tel:188\">188 (CVV)<\/a>\u00a0ou acesse o site\u00a0<a class=\"wixui-rich-text__text\" href=\"https:\/\/www.cvv.org.br\/\" target=\"_blank\" rel=\"noreferrer noopener\">www.cvv.org.br<\/a>\u00a0.\u00a0<\/span><span class=\"wixui-rich-text__text\">Em caso de emerg\u00eancia, procure atendimento no hospital mais pr\u00f3ximo.<\/span><\/p>\t\t\t\t\t\t\t\t<\/div>\n\t\t\t\t\t<\/div>\n\t\t\t\t<\/div>\n\t\t\t\t<\/div>\n\t\t","protected":false},"excerpt":{"rendered":"<p>Quem Somos Uma Plataforma que Aproxima Psic\u00f3logos e Pacientes Cuidar da sa\u00fade mental \u00e9 essencial, especialmente em momentos desafiadores.Nossa plataforma foi criada para facilitar esse cuidado, conectando voc\u00ea a psic\u00f3logos qualificados de forma simples e acolhedora. Aqui, o agendamento \u00e9 r\u00e1pido e direto, realizado pelo WhatsApp do profissional.Acreditamos que a Psicologia deve ser acess\u00edvel a [&hellip;]<\/p>\n","protected":false},"author":1,"featured_media":0,"parent":0,"menu_order":0,"comment_status":"closed","ping_status":"closed","template":"","meta":{"_acf_changed":false,"footnotes":""},"class_list":["post-17","page","type-page","status-publish","hentry","entry"],"acf":[],"yoast_head":"<!-- This site is optimized with the Yoast SEO plugin v26.3 - https:\/\/yoast.com\/wordpress\/plugins\/seo\/ -->\n<title>Quem Somos - Cl\u00ednica Daaz<\/title>\n<meta name=\"robots\" content=\"index, follow, max-snippet:-1, max-image-preview:large, max-video-preview:-1\" \/>\n<link rel=\"canonical\" href=\"https:\/\/clinicadaaz.com.br\/?page_id=17\" \/>\n<meta property=\"og:locale\" content=\"pt_BR\" \/>\n<meta property=\"og:type\" content=\"article\" \/>\n<meta property=\"og:title\" content=\"Quem Somos - Cl\u00ednica Daaz\" \/>\n<meta property=\"og:description\" content=\"Quem Somos Uma Plataforma que Aproxima Psic\u00f3logos e Pacientes Cuidar da sa\u00fade mental \u00e9 essencial, especialmente em momentos desafiadores.Nossa plataforma foi criada para facilitar esse cuidado, conectando voc\u00ea a psic\u00f3logos qualificados de forma simples e acolhedora. Aqui, o agendamento \u00e9 r\u00e1pido e direto, realizado pelo WhatsApp do profissional.Acreditamos que a Psicologia deve ser acess\u00edvel a [&hellip;]\" \/>\n<meta property=\"og:url\" content=\"https:\/\/clinicadaaz.com.br\/?page_id=17\" \/>\n<meta property=\"og:site_name\" content=\"Cl\u00ednica Daaz\" \/>\n<meta property=\"article:modified_time\" content=\"2025-11-05T12:39:21+00:00\" \/>\n<meta property=\"og:image\" content=\"https:\/\/clinicadaaz.com.br\/wp-content\/uploads\/2025\/11\/daaz-clinica-baner-final.png\" \/>\n<meta name=\"twitter:card\" content=\"summary_large_image\" \/>\n<meta name=\"twitter:label1\" content=\"Est. tempo de leitura\" \/>\n\t<meta name=\"twitter:data1\" content=\"2 minutos\" \/>\n<script type=\"application\/ld+json\" class=\"yoast-schema-graph\">{\"@context\":\"https:\/\/schema.org\",\"@graph\":[{\"@type\":\"WebPage\",\"@id\":\"https:\/\/clinicadaaz.com.br\/?page_id=17\",\"url\":\"https:\/\/clinicadaaz.com.br\/?page_id=17\",\"name\":\"Quem Somos - Cl\u00ednica Daaz\",\"isPartOf\":{\"@id\":\"https:\/\/clinicadaaz.com.br\/#website\"},\"primaryImageOfPage\":{\"@id\":\"https:\/\/clinicadaaz.com.br\/?page_id=17#primaryimage\"},\"image\":{\"@id\":\"https:\/\/clinicadaaz.com.br\/?page_id=17#primaryimage\"},\"thumbnailUrl\":\"https:\/\/clinicadaaz.com.br\/wp-content\/uploads\/2025\/11\/daaz-clinica-baner-final.png\",\"datePublished\":\"2025-11-04T17:45:13+00:00\",\"dateModified\":\"2025-11-05T12:39:21+00:00\",\"breadcrumb\":{\"@id\":\"https:\/\/clinicadaaz.com.br\/?page_id=17#breadcrumb\"},\"inLanguage\":\"pt-BR\",\"potentialAction\":[{\"@type\":\"ReadAction\",\"target\":[\"https:\/\/clinicadaaz.com.br\/?page_id=17\"]}]},{\"@type\":\"ImageObject\",\"inLanguage\":\"pt-BR\",\"@id\":\"https:\/\/clinicadaaz.com.br\/?page_id=17#primaryimage\",\"url\":\"https:\/\/clinicadaaz.com.br\/wp-content\/uploads\/2025\/11\/daaz-clinica-baner-final.png\",\"contentUrl\":\"https:\/\/clinicadaaz.com.br\/wp-content\/uploads\/2025\/11\/daaz-clinica-baner-final.png\",\"width\":1001,\"height\":288},{\"@type\":\"BreadcrumbList\",\"@id\":\"https:\/\/clinicadaaz.com.br\/?page_id=17#breadcrumb\",\"itemListElement\":[{\"@type\":\"ListItem\",\"position\":1,\"name\":\"In\u00edcio\",\"item\":\"https:\/\/clinicadaaz.com.br\/\"},{\"@type\":\"ListItem\",\"position\":2,\"name\":\"Quem Somos\"}]},{\"@type\":\"WebSite\",\"@id\":\"https:\/\/clinicadaaz.com.br\/#website\",\"url\":\"https:\/\/clinicadaaz.com.br\/\",\"name\":\"Cl\u00ednica Daaz\",\"description\":\"\",\"publisher\":{\"@id\":\"https:\/\/clinicadaaz.com.br\/#organization\"},\"potentialAction\":[{\"@type\":\"SearchAction\",\"target\":{\"@type\":\"EntryPoint\",\"urlTemplate\":\"https:\/\/clinicadaaz.com.br\/?s={search_term_string}\"},\"query-input\":{\"@type\":\"PropertyValueSpecification\",\"valueRequired\":true,\"valueName\":\"search_term_string\"}}],\"inLanguage\":\"pt-BR\"},{\"@type\":\"Organization\",\"@id\":\"https:\/\/clinicadaaz.com.br\/#organization\",\"name\":\"Cl\u00ednica Daaz\",\"url\":\"https:\/\/clinicadaaz.com.br\/\",\"logo\":{\"@type\":\"ImageObject\",\"inLanguage\":\"pt-BR\",\"@id\":\"https:\/\/clinicadaaz.com.br\/#\/schema\/logo\/image\/\",\"url\":\"https:\/\/clinicadaaz.com.br\/wp-content\/uploads\/2025\/11\/cropped-DAAZZLOGO.png\",\"contentUrl\":\"https:\/\/clinicadaaz.com.br\/wp-content\/uploads\/2025\/11\/cropped-DAAZZLOGO.png\",\"width\":370,\"height\":126,\"caption\":\"Cl\u00ednica Daaz\"},\"image\":{\"@id\":\"https:\/\/clinicadaaz.com.br\/#\/schema\/logo\/image\/\"}}]}<\/script>\n<!-- \/ Yoast SEO plugin. -->","yoast_head_json":{"title":"Quem Somos - Cl\u00ednica Daaz","robots":{"index":"index","follow":"follow","max-snippet":"max-snippet:-1","max-image-preview":"max-image-preview:large","max-video-preview":"max-video-preview:-1"},"canonical":"https:\/\/clinicadaaz.com.br\/?page_id=17","og_locale":"pt_BR","og_type":"article","og_title":"Quem Somos - Cl\u00ednica Daaz","og_description":"Quem Somos Uma Plataforma que Aproxima Psic\u00f3logos e Pacientes Cuidar da sa\u00fade mental \u00e9 essencial, especialmente em momentos desafiadores.Nossa plataforma foi criada para facilitar esse cuidado, conectando voc\u00ea a psic\u00f3logos qualificados de forma simples e acolhedora. Aqui, o agendamento \u00e9 r\u00e1pido e direto, realizado pelo WhatsApp do profissional.Acreditamos que a Psicologia deve ser acess\u00edvel a [&hellip;]","og_url":"https:\/\/clinicadaaz.com.br\/?page_id=17","og_site_name":"Cl\u00ednica Daaz","article_modified_time":"2025-11-05T12:39:21+00:00","og_image":[{"url":"https:\/\/clinicadaaz.com.br\/wp-content\/uploads\/2025\/11\/daaz-clinica-baner-final.png","type":"","width":"","height":""}],"twitter_card":"summary_large_image","twitter_misc":{"Est. tempo de leitura":"2 minutos"},"schema":{"@context":"https:\/\/schema.org","@graph":[{"@type":"WebPage","@id":"https:\/\/clinicadaaz.com.br\/?page_id=17","url":"https:\/\/clinicadaaz.com.br\/?page_id=17","name":"Quem Somos - Cl\u00ednica Daaz","isPartOf":{"@id":"https:\/\/clinicadaaz.com.br\/#website"},"primaryImageOfPage":{"@id":"https:\/\/clinicadaaz.com.br\/?page_id=17#primaryimage"},"image":{"@id":"https:\/\/clinicadaaz.com.br\/?page_id=17#primaryimage"},"thumbnailUrl":"https:\/\/clinicadaaz.com.br\/wp-content\/uploads\/2025\/11\/daaz-clinica-baner-final.png","datePublished":"2025-11-04T17:45:13+00:00","dateModified":"2025-11-05T12:39:21+00:00","breadcrumb":{"@id":"https:\/\/clinicadaaz.com.br\/?page_id=17#breadcrumb"},"inLanguage":"pt-BR","potentialAction":[{"@type":"ReadAction","target":["https:\/\/clinicadaaz.com.br\/?page_id=17"]}]},{"@type":"ImageObject","inLanguage":"pt-BR","@id":"https:\/\/clinicadaaz.com.br\/?page_id=17#primaryimage","url":"https:\/\/clinicadaaz.com.br\/wp-content\/uploads\/2025\/11\/daaz-clinica-baner-final.png","contentUrl":"https:\/\/clinicadaaz.com.br\/wp-content\/uploads\/2025\/11\/daaz-clinica-baner-final.png","width":1001,"height":288},{"@type":"BreadcrumbList","@id":"https:\/\/clinicadaaz.com.br\/?page_id=17#breadcrumb","itemListElement":[{"@type":"ListItem","position":1,"name":"In\u00edcio","item":"https:\/\/clinicadaaz.com.br\/"},{"@type":"ListItem","position":2,"name":"Quem Somos"}]},{"@type":"WebSite","@id":"https:\/\/clinicadaaz.com.br\/#website","url":"https:\/\/clinicadaaz.com.br\/","name":"Cl\u00ednica Daaz","description":"","publisher":{"@id":"https:\/\/clinicadaaz.com.br\/#organization"},"potentialAction":[{"@type":"SearchAction","target":{"@type":"EntryPoint","urlTemplate":"https:\/\/clinicadaaz.com.br\/?s={search_term_string}"},"query-input":{"@type":"PropertyValueSpecification","valueRequired":true,"valueName":"search_term_string"}}],"inLanguage":"pt-BR"},{"@type":"Organization","@id":"https:\/\/clinicadaaz.com.br\/#organization","name":"Cl\u00ednica Daaz","url":"https:\/\/clinicadaaz.com.br\/","logo":{"@type":"ImageObject","inLanguage":"pt-BR","@id":"https:\/\/clinicadaaz.com.br\/#\/schema\/logo\/image\/","url":"https:\/\/clinicadaaz.com.br\/wp-content\/uploads\/2025\/11\/cropped-DAAZZLOGO.png","contentUrl":"https:\/\/clinicadaaz.com.br\/wp-content\/uploads\/2025\/11\/cropped-DAAZZLOGO.png","width":370,"height":126,"caption":"Cl\u00ednica Daaz"},"image":{"@id":"https:\/\/clinicadaaz.com.br\/#\/schema\/logo\/image\/"}}]}},"_links":{"self":[{"href":"https:\/\/clinicadaaz.com.br\/index.php?rest_route=\/wp\/v2\/pages\/17","targetHints":{"allow":["GET"]}}],"collection":[{"href":"https:\/\/clinicadaaz.com.br\/index.php?rest_route=\/wp\/v2\/pages"}],"about":[{"href":"https:\/\/clinicadaaz.com.br\/index.php?rest_route=\/wp\/v2\/types\/page"}],"author":[{"embeddable":true,"href":"https:\/\/clinicadaaz.com.br\/index.php?rest_route=\/wp\/v2\/users\/1"}],"replies":[{"embeddable":true,"href":"https:\/\/clinicadaaz.com.br\/index.php?rest_route=%2Fwp%2Fv2%2Fcomments&post=17"}],"version-history":[{"count":55,"href":"https:\/\/clinicadaaz.com.br\/index.php?rest_route=\/wp\/v2\/pages\/17\/revisions"}],"predecessor-version":[{"id":219,"href":"https:\/\/clinicadaaz.com.br\/index.php?rest_route=\/wp\/v2\/pages\/17\/revisions\/219"}],"wp:attachment":[{"href":"https:\/\/clinicadaaz.com.br\/index.php?rest_route=%2Fwp%2Fv2%2Fmedia&parent=17"}],"curies":[{"name":"wp","href":"https:\/\/api.w.org\/{rel}","templated":true}]}}